{"id":797,"date":"2016-04-04T11:50:06","date_gmt":"2016-04-04T11:50:06","guid":{"rendered":"https:\/\/erlendir.akmennt.is\/?page_id=797"},"modified":"2020-12-14T09:11:00","modified_gmt":"2020-12-14T09:11:00","slug":"enska-3","status":"publish","type":"page","link":"https:\/\/erlendir.akmennt.is\/index.php\/enska-3\/","title":{"rendered":"Enska"},"content":{"rendered":"<p><em><strong>Um grunnsk\u00f3lana \u00e1 Akureyri \/ Akureyri Elementary School<\/strong><\/em><\/p>\n<ul>\n<li><a href=\"https:\/\/erlendir.akmennt.is\/wp-content\/uploads\/2020\/03\/About-schools_enska_Word_JB_2020.pdf\"><em><strong>I<\/strong><\/em><em><strong>nformation about Akureyri Elementary School &#8211; january 2020<\/strong><\/em><\/a><\/li>\n<li><a href=\"https:\/\/erlendir.akmennt.is\/wp-content\/uploads\/2017\/10\/stodtjonusta_enska_2017.pdf\"><em><strong>Elementary School Ancillary Services in Akureyri<\/strong><\/em><\/a><\/li>\n<li><a href=\"http:\/\/www.adhd.is\/static\/files\/PDFskjol\/adhd_grunnbaeklingur_enska_net.pdf\"><em><strong>What is ADHD?<\/strong><\/em><\/a><\/li>\n<li><a href=\"http:\/\/tungumalatorg.is\/velkomin\/files\/2015\/01\/Foreldralisti_EN.pdf\"><em><strong>G\u00f3\u00f0 r\u00e1\u00f0 fyrir foreldra<\/strong><\/em><\/a><\/li>\n<li><a href=\"https:\/\/erlendir.akmennt.is\/wp-content\/uploads\/2018\/10\/BL-grein_byrjendalaesi_Jenny.pdf\"><em><strong>Grein um Byrjendal\u00e6si &#8211;&nbsp; Beginning Literacy: an interactive and creative approach to literacy learning<\/strong><\/em><\/a><\/li>\n<li><a href=\"https:\/\/erlendir.akmennt.is\/wp-content\/uploads\/2018\/01\/laesisradin_-_enska_utgafan.pdf\"><em><strong>L\u00e6sisr\u00e1\u00f0in &#8211; The longest journey starts with a single step<\/strong><\/em><\/a><\/li>\n<li><a href=\"https:\/\/erlendir.akmennt.is\/wp-content\/uploads\/2019\/01\/School-Camp-at-Reykir.pdf\"><em><strong>School Camp at Reykir in Hr\u00fatafj\u00f6r\u00f0ur for 7th graders<\/strong><\/em><\/a><\/li>\n<li><a href=\"https:\/\/erlendir.akmennt.is\/wp-content\/uploads\/2018\/06\/sumardagatal_mms_sumarlestur2018_ensk-utfyllt.pdf\"><em><strong>Sum<\/strong><\/em><\/a><em><strong>arlestur &#8211; Summer Reading &#8211; making reading useful and fun!<\/strong><\/em><\/li>\n<li><a href=\"https:\/\/erlendir.akmennt.is\/wp-content\/uploads\/2020\/02\/fristundastyrkur_2017_ensk-1-2020_.pdf\"><strong><em>Spor<\/em><\/strong><strong><em>t-and leisure subsidy &#8211; fr\u00edstundastyrkur-2020<\/em><\/strong><\/a><\/li>\n<li><a href=\"https:\/\/mms.is\/sites\/mms.is\/files\/4bekk_enska.pdf\"><em><strong>St\u00e6r\u00f0fr\u00e6\u00f0i &#8211; or\u00f0alistar \u00e1 ensku, 4.bekkur<\/strong><\/em><\/a><\/li>\n<li><a href=\"https:\/\/mms.is\/sites\/mms.is\/files\/7bekk_enska.pdf\"><em><strong>St\u00e6r\u00f0fr\u00e6\u00f0i &#8211; or\u00f0alistar \u00e1 ensku, 7. bekkur<\/strong><\/em><\/a><\/li>\n<li><a href=\"https:\/\/mms.is\/sites\/mms.is\/files\/stf_enska.pdf\"><em><strong>St\u00e6r\u00f0fr\u00e6\u00f0i &#8211; or\u00f0alistar \u00e1 ensku, 9. bekkur<\/strong><\/em><\/a><\/li>\n<li><a href=\"https:\/\/erlendir.akmennt.is\/wp-content\/uploads\/2018\/11\/Samthykkisyfirlysing_Akureyri_enska.pdf\"><em><strong>Undirskrift foreldra vegna myndbirtinga o.fl._pers\u00f3nuvernd_2018<\/strong><\/em><\/a><\/li>\n<li><a href=\"https:\/\/erlendir.akmennt.is\/wp-content\/uploads\/2018\/11\/Truunadaryfirlysing_Ak_enska_2018.pdf\"><em><strong>Undirskrift foreldra v<\/strong><\/em><\/a><\/li>\n<\/ul>\n\n\n<ul class=\"wp-block-list\"><li><strong><em><a href=\"https:\/\/americanliterature.com\/author\/hans-christian-andersen\/short-story\/the-little-match-girl?fbclid=IwAR3ghht7jp8u3xmYm90r8EW9uHArOTi5m_dSXH9F-HbNnR_duFS__gsP3d0\">Litla st\u00falkan me\u00f0 eldsp\u00fdturnar eftir H.C. Andersen \u00e1 ensku<\/a><\/em><\/strong><\/li><\/ul>\n","protected":false},"excerpt":{"rendered":"<p>Um grunnsk\u00f3lana \u00e1 Akureyri \/ Akureyri Elementary School Information about Akureyri Elementary School &#8211; january 2020 Elementary School Ancillary Services in Akureyri What is ADHD? G\u00f3\u00f0 r\u00e1\u00f0 fyrir foreldra Grein um Byrjendal\u00e6si &#8211;&nbsp; Beginning Literacy: an interactive and creative approach &hellip; <a href=\"https:\/\/erlendir.akmennt.is\/index.php\/enska-3\/\">Halda \u00e1fram a\u00f0 lesa <span class=\"meta-nav\">&rarr;<\/span><\/a><\/p>\n","protected":false},"author":2,"featured_media":0,"parent":0,"menu_order":0,"comment_status":"closed","ping_status":"closed","template":"","meta":{"footnotes":""},"class_list":["post-797","page","type-page","status-publish","hentry"],"_links":{"self":[{"href":"https:\/\/erlendir.akmennt.is\/index.php\/wp-json\/wp\/v2\/pages\/797","targetHints":{"allow":["GET"]}}],"collection":[{"href":"https:\/\/erlendir.akmennt.is\/index.php\/wp-json\/wp\/v2\/pages"}],"about":[{"href":"https:\/\/erlendir.akmennt.is\/index.php\/wp-json\/wp\/v2\/types\/page"}],"author":[{"embeddable":true,"href":"https:\/\/erlendir.akmennt.is\/index.php\/wp-json\/wp\/v2\/users\/2"}],"replies":[{"embeddable":true,"href":"https:\/\/erlendir.akmennt.is\/index.php\/wp-json\/wp\/v2\/comments?post=797"}],"version-history":[{"count":31,"href":"https:\/\/erlendir.akmennt.is\/index.php\/wp-json\/wp\/v2\/pages\/797\/revisions"}],"predecessor-version":[{"id":2467,"href":"https:\/\/erlendir.akmennt.is\/index.php\/wp-json\/wp\/v2\/pages\/797\/revisions\/2467"}],"wp:attachment":[{"href":"https:\/\/erlendir.akmennt.is\/index.php\/wp-json\/wp\/v2\/media?parent=797"}],"curies":[{"name":"wp","href":"https:\/\/api.w.org\/{rel}","templated":true}]}}