{"id":383,"date":"2016-03-21T11:08:08","date_gmt":"2016-03-21T11:08:08","guid":{"rendered":"https:\/\/erlendir.akmennt.is\/?page_id=383"},"modified":"2018-10-02T08:51:03","modified_gmt":"2018-10-02T08:51:03","slug":"adlagad-namsefni","status":"publish","type":"page","link":"https:\/\/erlendir.akmennt.is\/index.php\/adlagad-namsefni\/","title":{"rendered":"A\u00f0laga\u00f0 n\u00e1msefni"},"content":{"rendered":"<p><a href=\"https:\/\/erlendir.akmennt.is\/wp-content\/uploads\/2018\/10\/kafli-2.pdf\">S\u00f6gueyjan, 2. hefti &#8211; kafli 2<\/a><\/p>\n","protected":false},"excerpt":{"rendered":"<p>S\u00f6gueyjan, 2. hefti &#8211; kafli 2<\/p>\n","protected":false},"author":2,"featured_media":0,"parent":0,"menu_order":0,"comment_status":"closed","ping_status":"closed","template":"","meta":{"footnotes":""},"class_list":["post-383","page","type-page","status-publish","hentry"],"_links":{"self":[{"href":"https:\/\/erlendir.akmennt.is\/index.php\/wp-json\/wp\/v2\/pages\/383","targetHints":{"allow":["GET"]}}],"collection":[{"href":"https:\/\/erlendir.akmennt.is\/index.php\/wp-json\/wp\/v2\/pages"}],"about":[{"href":"https:\/\/erlendir.akmennt.is\/index.php\/wp-json\/wp\/v2\/types\/page"}],"author":[{"embeddable":true,"href":"https:\/\/erlendir.akmennt.is\/index.php\/wp-json\/wp\/v2\/users\/2"}],"replies":[{"embeddable":true,"href":"https:\/\/erlendir.akmennt.is\/index.php\/wp-json\/wp\/v2\/comments?post=383"}],"version-history":[{"count":2,"href":"https:\/\/erlendir.akmennt.is\/index.php\/wp-json\/wp\/v2\/pages\/383\/revisions"}],"predecessor-version":[{"id":1755,"href":"https:\/\/erlendir.akmennt.is\/index.php\/wp-json\/wp\/v2\/pages\/383\/revisions\/1755"}],"wp:attachment":[{"href":"https:\/\/erlendir.akmennt.is\/index.php\/wp-json\/wp\/v2\/media?parent=383"}],"curies":[{"name":"wp","href":"https:\/\/api.w.org\/{rel}","templated":true}]}}