{"id":207,"date":"2015-07-03T13:10:31","date_gmt":"2015-07-03T13:10:31","guid":{"rendered":"https:\/\/erlendir.akmennt.is\/?page_id=207"},"modified":"2016-10-12T08:55:50","modified_gmt":"2016-10-12T08:55:50","slug":"frettabref-2012-2013","status":"publish","type":"page","link":"https:\/\/erlendir.akmennt.is\/index.php\/frettabref\/frettabref-2012-2013\/","title":{"rendered":"Fr\u00e9ttabr\u00e9f 2012-2013"},"content":{"rendered":"<p><em><strong><a href=\"https:\/\/erlendir.akmennt.is\/wp-content\/uploads\/2015\/07\/frettabref_5.tbl_.2.arg_.pdf\">Fr\u00e9ttabref_5.tbl.2.\u00e1rg<\/a><\/strong><\/em><\/p>\n<p><em><strong><a href=\"https:\/\/erlendir.akmennt.is\/wp-content\/uploads\/2015\/07\/Frettabref_4.tbl_2.arg_.pdf\">Fr\u00e9ttabref_4.tbl_2.\u00e1rg<\/a><\/strong><\/em><\/p>\n<p><em><strong><a href=\"https:\/\/erlendir.akmennt.is\/wp-content\/uploads\/2015\/07\/Frettabref_3.tbl_2.arg_.pdf\">Fr\u00e9ttabref_3.tbl_2.\u00e1rg<\/a><\/strong><\/em><\/p>\n<p><em><strong><a href=\"https:\/\/erlendir.akmennt.is\/wp-content\/uploads\/2015\/07\/Frettabref_2.tbl_._2.arg_.pdf\">Fr\u00e9ttabref_2.tbl._2.\u00e1rg<\/a><\/strong><\/em><\/p>\n<p><em><strong><a href=\"https:\/\/erlendir.akmennt.is\/wp-content\/uploads\/2015\/07\/Frettabref_1.bl_._2.arg_.pdf\">Fr\u00e9ttabref_1.bl._2.\u00e1rg<\/a><\/strong><\/em><\/p>\n<p><em><strong><a href=\"https:\/\/erlendir.akmennt.is\/wp-content\/uploads\/2015\/07\/Frettabref_1.tbl_.1.arg_.pdf\">Fr\u00e9ttabref_1.tbl.1.\u00e1rg<\/a><\/strong><\/em><\/p>\n<p>&nbsp;<\/p>\n","protected":false},"excerpt":{"rendered":"<p>Fr\u00e9ttabref_5.tbl.2.\u00e1rg Fr\u00e9ttabref_4.tbl_2.\u00e1rg Fr\u00e9ttabref_3.tbl_2.\u00e1rg Fr\u00e9ttabref_2.tbl._2.\u00e1rg Fr\u00e9ttabref_1.bl._2.\u00e1rg Fr\u00e9ttabref_1.tbl.1.\u00e1rg &nbsp;<\/p>\n","protected":false},"author":2,"featured_media":0,"parent":102,"menu_order":0,"comment_status":"closed","ping_status":"closed","template":"","meta":{"footnotes":""},"class_list":["post-207","page","type-page","status-publish","hentry"],"_links":{"self":[{"href":"https:\/\/erlendir.akmennt.is\/index.php\/wp-json\/wp\/v2\/pages\/207","targetHints":{"allow":["GET"]}}],"collection":[{"href":"https:\/\/erlendir.akmennt.is\/index.php\/wp-json\/wp\/v2\/pages"}],"about":[{"href":"https:\/\/erlendir.akmennt.is\/index.php\/wp-json\/wp\/v2\/types\/page"}],"author":[{"embeddable":true,"href":"https:\/\/erlendir.akmennt.is\/index.php\/wp-json\/wp\/v2\/users\/2"}],"replies":[{"embeddable":true,"href":"https:\/\/erlendir.akmennt.is\/index.php\/wp-json\/wp\/v2\/comments?post=207"}],"version-history":[{"count":5,"href":"https:\/\/erlendir.akmennt.is\/index.php\/wp-json\/wp\/v2\/pages\/207\/revisions"}],"predecessor-version":[{"id":976,"href":"https:\/\/erlendir.akmennt.is\/index.php\/wp-json\/wp\/v2\/pages\/207\/revisions\/976"}],"up":[{"embeddable":true,"href":"https:\/\/erlendir.akmennt.is\/index.php\/wp-json\/wp\/v2\/pages\/102"}],"wp:attachment":[{"href":"https:\/\/erlendir.akmennt.is\/index.php\/wp-json\/wp\/v2\/media?parent=207"}],"curies":[{"name":"wp","href":"https:\/\/api.w.org\/{rel}","templated":true}]}}