{"id":2047,"date":"2019-09-02T08:49:27","date_gmt":"2019-09-02T08:49:27","guid":{"rendered":"https:\/\/erlendir.akmennt.is\/?page_id=2047"},"modified":"2019-09-02T08:53:19","modified_gmt":"2019-09-02T08:53:19","slug":"italska","status":"publish","type":"page","link":"https:\/\/erlendir.akmennt.is\/index.php\/italska\/","title":{"rendered":"\u00cdtalska"},"content":{"rendered":"<p><strong>H\u00e9r ver\u00f0ur hlekkir \u00ed efni \u00e1 \u00edt\u00f6lsku<br \/>\n<\/strong><\/p>\n<p><a href=\"https:\/\/erlendir.akmennt.is\/wp-content\/uploads\/2019\/09\/ordalisti-_italiano.pdf\"><em><strong>Or\u00f0alisti:\u00a0 sk\u00f3lastarf og samskipti<\/strong><\/em><\/a><\/p>\n<p>&nbsp;<\/p>\n","protected":false},"excerpt":{"rendered":"<p>H\u00e9r ver\u00f0ur hlekkir \u00ed efni \u00e1 \u00edt\u00f6lsku Or\u00f0alisti:\u00a0 sk\u00f3lastarf og samskipti &nbsp;<\/p>\n","protected":false},"author":2,"featured_media":0,"parent":0,"menu_order":0,"comment_status":"closed","ping_status":"closed","template":"","meta":{"footnotes":""},"class_list":["post-2047","page","type-page","status-publish","hentry"],"_links":{"self":[{"href":"https:\/\/erlendir.akmennt.is\/index.php\/wp-json\/wp\/v2\/pages\/2047","targetHints":{"allow":["GET"]}}],"collection":[{"href":"https:\/\/erlendir.akmennt.is\/index.php\/wp-json\/wp\/v2\/pages"}],"about":[{"href":"https:\/\/erlendir.akmennt.is\/index.php\/wp-json\/wp\/v2\/types\/page"}],"author":[{"embeddable":true,"href":"https:\/\/erlendir.akmennt.is\/index.php\/wp-json\/wp\/v2\/users\/2"}],"replies":[{"embeddable":true,"href":"https:\/\/erlendir.akmennt.is\/index.php\/wp-json\/wp\/v2\/comments?post=2047"}],"version-history":[{"count":3,"href":"https:\/\/erlendir.akmennt.is\/index.php\/wp-json\/wp\/v2\/pages\/2047\/revisions"}],"predecessor-version":[{"id":2051,"href":"https:\/\/erlendir.akmennt.is\/index.php\/wp-json\/wp\/v2\/pages\/2047\/revisions\/2051"}],"wp:attachment":[{"href":"https:\/\/erlendir.akmennt.is\/index.php\/wp-json\/wp\/v2\/media?parent=2047"}],"curies":[{"name":"wp","href":"https:\/\/api.w.org\/{rel}","templated":true}]}}