{"id":1433,"date":"2017-10-10T13:21:02","date_gmt":"2017-10-10T13:21:02","guid":{"rendered":"https:\/\/erlendir.akmennt.is\/?page_id=1433"},"modified":"2018-01-30T12:47:12","modified_gmt":"2018-01-30T12:47:12","slug":"ymis-verkefni","status":"publish","type":"page","link":"https:\/\/erlendir.akmennt.is\/index.php\/ymis-verkefni\/","title":{"rendered":"Or\u00f0afor\u00f0i og lesskilningur"},"content":{"rendered":"<p><a href=\"https:\/\/docs.google.com\/forms\/d\/e\/1FAIpQLSeeqzxa7VV1TVh76pvmxPJsxvcD0GBu9khT5pBMGF4aS86jdA\/viewform\">\u00c1rst\u00ed\u00f0ir og dagar &#8211; lesskilningsverkefni<\/a><\/p>\n<p><a href=\"https:\/\/docs.google.com\/forms\/d\/e\/1FAIpQLScnfl8kAjyuttytYNudGoS6dRe8DE3AUtpFZbedh8kGVyMbVA\/viewform\">D\u00fdrin og afkv\u00e6mi \u00feeirra<\/a><a href=\"https:\/\/docs.google.com\/forms\/d\/e\/1FAIpQLSeeqzxa7VV1TVh76pvmxPJsxvcD0GBu9khT5pBMGF4aS86jdA\/viewform\"><br \/>\n<\/a><\/p>\n<p><a href=\"https:\/\/docs.google.com\/forms\/d\/e\/1FAIpQLSfFjWDrTuHDF8pqvPaI21XmDfle8YbHwQf-HLs07-ErNXh5ag\/viewform\">Hugt\u00f6k um sta\u00f0setningar<br \/>\n<\/a><\/p>\n<p><a href=\"https:\/\/docs.google.com\/forms\/d\/e\/1FAIpQLScVb207aoG4UPPE1_BgZmxTZo7uxkkTeNoKYsivUtn8Fa6BBg\/viewform\">\u00cdsland<br \/>\n<\/a><\/p>\n<p><a href=\"https:\/\/docs.google.com\/forms\/d\/e\/1FAIpQLSf0Y9LjFKmnO45PYMS-Vr8b21vKsuqIAoyIXJD4N3e5N1pWow\/viewform\">Litirnir<br \/>\n<\/a><\/p>\n<p><a href=\"https:\/\/docs.google.com\/forms\/d\/e\/1FAIpQLSfLtPkU4IT4yoj3Ifqg60d-R0OwfqSweA0KL_oRojdkMDLzJg\/viewform\">Matart\u00edmi<br \/>\n<\/a><\/p>\n<p><a href=\"https:\/\/docs.google.com\/forms\/d\/1CEKRMvFi2Rc08-veY9SYAhU5802XZkWv-gCEMKQMkT4\/edit\">Yfirhugt\u00f6k af \u00fdmsu tagi<br \/>\n<\/a><\/p>\n<p><a href=\"https:\/\/docs.google.com\/forms\/d\/16DcGVDeFbMqD9eNEKXGfBHcoto_wytye-Sov_Dk3XF8\/edit\">Snati og \u00d3li &#8211; stutt saga. <\/a><\/p>\n<p><a href=\"https:\/\/docs.google.com\/forms\/d\/1Rbi6lGPHTRM_ohj6OI5KUerxVC1-o1R9MxtMxLPgcDM\/edit\">Bakkabr\u00e6\u00f0ur \u00ed f\u00f3taba\u00f0i. Stutt saga<\/a><\/p>\n","protected":false},"excerpt":{"rendered":"<p>\u00c1rst\u00ed\u00f0ir og dagar &#8211; lesskilningsverkefni D\u00fdrin og afkv\u00e6mi \u00feeirra Hugt\u00f6k um sta\u00f0setningar \u00cdsland Litirnir Matart\u00edmi Yfirhugt\u00f6k af \u00fdmsu tagi Snati og \u00d3li &#8211; stutt saga. Bakkabr\u00e6\u00f0ur \u00ed f\u00f3taba\u00f0i. Stutt saga<\/p>\n","protected":false},"author":2,"featured_media":0,"parent":0,"menu_order":0,"comment_status":"closed","ping_status":"closed","template":"","meta":{"footnotes":""},"class_list":["post-1433","page","type-page","status-publish","hentry"],"_links":{"self":[{"href":"https:\/\/erlendir.akmennt.is\/index.php\/wp-json\/wp\/v2\/pages\/1433","targetHints":{"allow":["GET"]}}],"collection":[{"href":"https:\/\/erlendir.akmennt.is\/index.php\/wp-json\/wp\/v2\/pages"}],"about":[{"href":"https:\/\/erlendir.akmennt.is\/index.php\/wp-json\/wp\/v2\/types\/page"}],"author":[{"embeddable":true,"href":"https:\/\/erlendir.akmennt.is\/index.php\/wp-json\/wp\/v2\/users\/2"}],"replies":[{"embeddable":true,"href":"https:\/\/erlendir.akmennt.is\/index.php\/wp-json\/wp\/v2\/comments?post=1433"}],"version-history":[{"count":15,"href":"https:\/\/erlendir.akmennt.is\/index.php\/wp-json\/wp\/v2\/pages\/1433\/revisions"}],"predecessor-version":[{"id":1603,"href":"https:\/\/erlendir.akmennt.is\/index.php\/wp-json\/wp\/v2\/pages\/1433\/revisions\/1603"}],"wp:attachment":[{"href":"https:\/\/erlendir.akmennt.is\/index.php\/wp-json\/wp\/v2\/media?parent=1433"}],"curies":[{"name":"wp","href":"https:\/\/api.w.org\/{rel}","templated":true}]}}